
2, 5, 368651
What are the prime factors of 409216?
2, 23, 139
List the prime factors of 51719.
51719
What are the prime factors of 2924389?
13, 29, 7757
List the prime factors of 251361.
3, 11, 2539
What are the prime factors of 46691?
46691
List the prime factors of 542793.
3, 17, 29, 367
List the prime factors of 220531.
83, 2657
List the prime factors of 992790.
2, 3, 5, 3677
What are the prime factors of 5503379?
7, 786197
What are the prime factors of 105137?
105137
List the prime factors of 27120600.
2, 3, 5, 13, 19, 61
What are the prime factors of 658689?
3, 89, 2467
What are the prime factors of 1770124?
2, 442531
What are the prime factors of 2846589?
3, 41, 23143
List the prime factors of 1101277.
17, 64781
List the prime factors of 680640.
2, 3, 5, 709
What are the prime factors of 58837?
17, 3461
What are the prime factors of 25301064?
2, 3, 269, 3919
What are the prime factors of 188213?
107, 1759
List the prime factors of 637896.
2, 3, 7, 3797
What are the prime factors of 6593629?
7, 941947
List the prime factors of 2998544.
2, 187409
What are the prime factors of 249514?
2, 73, 1709
List the prime factors of 4835419.
37, 130687
What are the prime factors of 2265929?
211, 10739
List the prime factors of 22358.
2, 7, 1597
What are the prime factors of 15013490?
2, 5, 37, 40577
What are the prime factors of 1464752?
2, 43, 2129
List the prime factors of 1930326.
2, 3, 321721
List the prime factors of 3619100.
2, 5, 36191
List the prime factors of 2440116.
2, 3, 7, 23, 421
What are the prime factors of 20119826?
2, 59, 167, 1021
List the prime factors of 110412.
2, 3, 3067
List the prime factors of 53984.
2, 7, 241
List the prime factors of 348332.
2, 87083
List the prime factors of 9020089.
13, 827, 839
What are the prime factors of 457033?
23, 31, 641
What are the prime factors of 15958497?
3, 29, 59, 3109
What are the prime factors of 3787149?
3, 521, 2423
What are the prime factors of 305654?
2, 67, 2281
What are the prime factors of 369850?
2, 5, 13, 569
What are the prime factors of 4551138?
2, 3, 17, 107, 139
What are the prime factors of 10138144?
2, 316817
List the prime factors of 19977.
3, 6659
What are the prime factors of 363651?
3, 43, 2819
What are the prime factors of 146446?
2, 37, 1979
What are the prime factors of 32185231?
13, 2475787
List the prime factors of 3282561.
3, 569, 641
List the prime factors of 16535349.
3, 43, 42727
What are the prime factors of 433280?
2, 5, 677
What are the prime factors of 22945224?
2, 3, 956051
List the prime factors of 806689.
13, 62053
What are the prime factors of 548438?
2, 11, 97, 257
What are the prime factors of 11722285?
5, 2344457
List the prime factors of 591219.
3, 811
List the prime factors of 3726639.
3, 7, 149, 397
What are the prime factors of 1461079?
1461079
What are the prime factors of 8783455?
5, 1756691
List the prime factors of 1153139.
13, 107, 829
What are the prime factors of 3329442?
2, 3, 184969
What are the prime factors of 436983?
3, 145661
List the prime factors of 260976.
2, 3, 5437
List the prime factors of 1874299.
7, 29, 1319
List the prime factors of 892394.
2, 446197
What are the prime factors of 2051616?
2, 3, 7, 43, 71
What are the prime factors of 20445313?
7, 173, 16883
What are the prime factors of 411822?
2, 3, 137, 167
What are the prime factors of 14028156?
2, 3, 19, 20509
What are the prime factors of 188457?
3, 62819
What are the prime factors of 2414186?
2, 1207093
List the prime factors of 19204.
2, 4801
List the prime factors of 1589382.
2, 3, 9811
What are the prime factors of 4362847?
23, 29, 31, 211
What are the prime factors of 429714?
2, 3, 23873
What are the prime factors of 33247243?
4903, 6781
What are the prime factors of 10635797?
10635797
List the prime factors of 909083.
7, 61, 2129
What are the prime factors of 6768199?
19, 31, 11491
List the prime factors of 320053.
320053
What are the prime factors of 1051790?
2, 5, 17, 23, 269
List the prime factors of 8630705.
5, 41, 42101
What are the prime factors of 13564845?
3, 5, 7, 43063
List the prime factors of 14944349.
7, 43, 131, 379
List the prime factors of 17211099.
3, 463, 12391
What are the prime factors of 896111?
896111
What are the prime factors of 934328?
2, 116791
List the prime factors of 455647.
455647
What are the prime factors of 420529?
17, 29, 853
What are the prime factors of 1351556?
2, 71, 4759
What are the prime factors of 18892058?
2, 1747, 5407
List the prime factors of 21129837.
3, 47, 277, 541
List the prime factors of 3051778.
2, 23, 66343
List the prime factors of 206345.
5, 41269
What are the prime factors of 381688?
2, 47711
What are the prime factors of 410655?
3, 5, 7, 3911
List the prime factors of 251839.
7, 35977
List the prime factors of 9597569.
31, 309599
List the prime factors of 4482527.
7, 397, 1613
List the prime factors of 1306882.
2, 47, 13903
List the prime factors of 480291.
3, 7, 22871
What are the prime factors of 10519696?
2, 11, 59771
What are the prime factors of 1269655?
5, 37, 6863
List the prime factors of 225457.
225457
List the prime factors of 218784.
2, 3, 43, 53
List the prime factors of 477620.
2, 5, 11, 13, 167
List the prime factors of 186090.
2, 3, 5, 6203
List the prime factors of 1684568.
2, 43, 59, 83
List the prime factors of 8241699.
3, 521, 5273
What are the prime factors of 16964049?
3, 2063, 2741
List the prime factors of 1398169.
73, 107, 179
What are the prime factors of 393218?
2, 7, 28087
What are the prime factors of 20837040?
2, 3, 5, 7, 79, 157
List the prime factors of 2689343.
31, 86753
What are the prime factors of 3273004?
2, 7, 16699
List the prime factors of 229458.
2, 3, 167, 229
List the prime factors of 1427390.
2, 5, 47, 3037
List the prime factors of 44922.
2, 3, 7487
List the prime factors of 565648.
2, 35353
List the prime factors of 80601.
3, 67, 401
What are the prime factors of 155606?
2, 11, 643
List the prime factors of 38204.
2, 9551
List the prime factors of 4235364.
2, 3, 7
What are the prime factors of 13648329?
3, 43, 35267
List the prime factors of 1431791.
17, 84223
List the prime factors of 2695851.
3, 299539
What are the prime factors of 10537183?
3137, 3359
What are the prime factors of 180332?
2, 45083
What are the prime factors of 4055427?
3, 5563
What are the prime factors of 532348?
2, 133087
List the prime factors of 2285535.
3, 5, 7, 21767
List the prime factors of 436634.
2, 11, 89, 223
List the prime factors of 18240595.
5, 571, 6389
List the prime factors of 254328.
2, 3, 10597
List the prime factors of 1106921.
17, 19, 23, 149
List the prime factors of 2435960.
2, 5, 60899
What are the prime factors of 1342836?
2, 3, 11, 3391
What are the prime factors of 690872?
2, 7, 13, 73
What are the prime factors of 519986?
2, 259993
What are the prime factors of 1374059?
17, 131, 617
What are the prime factors of 12107700?
2, 3, 5, 11, 1223
List the prime factors of 13547560.
2, 5, 13, 26053
What are the prime factors of 754422?
2, 3, 125737
What are the prime factors of 958991?
11, 87181
List the prime factors of 4592966.
2, 7, 46867
List the prime factors of 552106.
2, 41, 6733
What are the prime factors of 1383600?
2, 3, 5, 1153
What are the prime factors of 406870?
2, 5, 23, 29, 61
What are the prime factors of 1102204?
2, 71, 3881
List the prime factors of 87136.
2, 7, 389
What are the prime factors of 2855195?
5, 7, 29, 97
List the prime factors of 327289.
327289
List the prime factors of 61224.
2, 3, 2551
List the prime factors of 141454.
2, 107, 661
List the prime factors of 2764539.
3, 307171
What are the prime factors of 1009051?
41, 24611
What are the prime factors of 9973168?
2, 23, 41, 661
List the prime factors of 624.
2, 3, 13
What are the prime factors of 9588007?
11, 13, 67049
What are the prime factors of 2023384?
2, 11, 22993
List the prime factors of 304956.
2, 3, 43, 197
List the prime factors of 8992927.
8992927
What are the prime factors of 5531562?
2, 3, 17, 18077
What are the prime factors of 73610?
2, 5, 17, 433
List the prime factors of 552910.
2, 5, 55291
What are the prime factors of 15268889?
15268889
What are the prime factors of 377446?
2, 41, 4603
List the prime factors of 38327151.
3, 12775717
List the prime factors of 315075.
